{"id":1748,"date":"2020-03-30T16:13:01","date_gmt":"2020-03-30T13:13:01","guid":{"rendered":"http:\/\/www.dmsorg.com\/v1\/?page_id=1748"},"modified":"2020-04-14T14:46:08","modified_gmt":"2020-04-14T11:46:08","slug":"covid-19-corona-virus-soru-cevap","status":"publish","type":"page","link":"https:\/\/www.dmsorg.com\/v1\/?page_id=1748","title":{"rendered":"DMS OLARAK KORONA V\u0130R\u00dcS ve BENZER\u0130 R\u0130SKLER \u0130LE \u0130LG\u0130L\u0130 M\u00dcCADELEN\u0130N D\u00dcN\u00dc BUG\u00dcN\u00dc VE YARINI"},"content":{"rendered":"<p>DMS OLARAK<\/p>\n<p>KORANAV\u0130R\u00dcS ve BENZER\u0130 R\u0130SKLER \u0130LE \u0130LG\u0130L\u0130 M\u00dcCADELEN\u0130N<\/p>\n<p>D\u00dcN\u00dc, BUG\u00dcN\u00dc VE YARINI<\/p>\n<p>Kurulu\u015fumuzdan bu yana DMS firmas\u0131 olarak Di\u015f Hekimli\u011fi alan\u0131nda hijyen bilincini geli\u015ftirme ba\u015fta olmak \u00fczere nitelikli hijyen teknolojileri ile \u00fcretim ve hizmet uygulamalar\u0131 i\u00e7inde de yer ald\u0131k.<\/p>\n<p>Sterilizasyon, Dezenfektasyon, Dental bas\u0131n\u00e7l\u0131 hava, Dental aspirasyon, Toz aspirasyon, Klinik ortam iklimlendirme ve havaland\u0131rma, Hijyen su, T\u0131bbi kat\u0131 ve At\u0131k su vb. konular\u0131n\u0131 ayr\u0131 ayr\u0131 hassasiyetle ele ald\u0131k.<\/p>\n<p>Hijyen esasl\u0131 konular\u0131 i\u00e7eren ilgili toplant\u0131lardaki sunumlar\u0131m\u0131zda, yay\u0131nlanan makalelerimizde bilin\u00e7 geli\u015ftirmeye y\u00f6nelik \u00e7al\u0131\u015fmalar\u0131m\u0131z\u0131 mesleki sorumluluk gere\u011fi toplum sa\u011fl\u0131\u011f\u0131 yarar\u0131na yo\u011funla\u015ft\u0131rd\u0131k.<\/p>\n<p>Firma olarak i\u015fimizle ilgili dan\u0131\u015fmanl\u0131k, planlama, proje ve uygulamalar\u0131m\u0131z\u0131 \u00f6zellikle hijyen mekani\u011fi ve teknolojilerini amaca uygun ele alarak sorumluluklar\u0131m\u0131z\u0131 ticari kayg\u0131lar\u0131m\u0131z\u0131 g\u00f6z ard\u0131 ederek gerekli m\u00fccadeleyi verdik.<\/p>\n<p>Firmam\u0131z\u0131n \u00fclkemizde yakla\u015f\u0131k 40 y\u0131ll\u0131k ge\u00e7mi\u015finde hijyen mekani\u011fi konusunda vermi\u015f oldu\u011fu bu m\u00fccadelenin ne kadar anlaml\u0131 ve k\u0131ymetli oldu\u011fu, t\u00fcm d\u00fcnyan\u0131n yan\u0131 s\u0131ra \u00fclkemizi de olumsuz etkileyen bu \u00f6l\u00fcmc\u00fcl vir\u00fcs salg\u0131n\u0131 esnas\u0131nda ve sonras\u0131nda daha da iyi anla\u015f\u0131lmakta ve takdir edilmektedir.<\/p>\n<p>\u00d6zellikle Di\u015f hekimli\u011fi fak\u00fcltelerinde son y\u0131llarda mimari ve teknik alt yap\u0131 konusunda dan\u0131\u015fmanl\u0131k g\u00f6revi ile birlikte ger\u00e7ekle\u015ftirdi\u011fimiz proje ve planlamalar\u0131m\u0131zda ele ald\u0131\u011f\u0131m\u0131z, hijyen mekani\u011fi konular\u0131n\u0131 i\u00e7eren uygulamalar\u0131m\u0131z bilinmektedir.<\/p>\n<p>Ne yaz\u0131k ki gerek mevzuat\u0131n taraf\u0131 olan kurumlarda gerekse yat\u0131r\u0131m\u0131n taraf\u0131 olan baz\u0131 kurumlarda bu konuda \u00f6zen g\u00f6sterilmedi\u011fi ve sonu\u00e7ta hatal\u0131 yat\u0131r\u0131mlar\u0131n taraf\u0131 olduklar\u0131 da bilinmektedir.<\/p>\n<p>Bu g\u00fcnlerde ya\u015fanan s\u00f6z konusu olumsuzluklardan sonra \u00f6n g\u00f6rd\u00fc\u011f\u00fcm\u00fcz mimari ve teknik alt yap\u0131 planlamalar\u0131n\u0131n, \u00f6zellikle nitelikli hijyen mekani\u011fi konular\u0131n\u0131n gerek mevzuatta gerek saha uygulamalar\u0131nda revize edilmesi art\u0131k ka\u00e7\u0131n\u0131lmazd\u0131r.<\/p>\n<p>Bu konulardaki mevzuat\u0131n iyile\u015ftirilmesi ve geli\u015ftirilmesi do\u011frultusundaki \u00e7al\u0131\u015fmalar\u0131m\u0131z d\u00fcn oldu\u011fu gibi, bug\u00fcn ve yar\u0131n da devam edecektir.<\/p>\n<p>\u0130\u00e7inde bulundu\u011fumuz ko\u015fullar gere\u011fi, genel sa\u011fl\u0131k alan\u0131n\u0131n gereksinimlerine y\u00f6nelik \u00e7al\u0131\u015fmalarda bulunur iken, yakla\u015f\u0131k 40 y\u0131ld\u0131r hizmet verdi\u011fimiz Di\u015f Hekimli\u011fi alan\u0131n\u0131n hizmet birimlerinin taleplerine de yan\u0131t verilmeye \u00e7al\u0131\u015f\u0131lacakt\u0131r.<\/p>\n<p>\u00c7al\u0131\u015fma ortamlar\u0131n\u0131n hijyen g\u00fcvenli\u011fini koruma ve geli\u015ftirme do\u011frultusunda firmam\u0131zdan talepte bulunulmas\u0131 durumunda, s\u00f6z konusu birimlerin fonksiyonuna, \u00f6l\u00e7e\u011fine ve i\u015fleyi\u015fine g\u00f6re ayr\u0131 ayr\u0131 ke\u015ffi yap\u0131l\u0131p, hijyen g\u00fcvenli\u011fi a\u00e7\u0131s\u0131ndan risk analizi sonras\u0131 raporlan\u0131p \u00e7\u00f6z\u00fcm \u00fcretilmesi s\u00f6z konusudur.<\/p>\n<p>Firmam\u0131z, kurulu\u015fundan bu yana \u00fclkemiz Di\u015f Hekimli\u011fine verdi\u011fi hizmeti bundan b\u00f6yle de her zamankinden daha fazla etkin, g\u00fcvenilir ve hassasiyetle ile devam ettirece\u011fi ku\u015fkusuzdur.<\/p>\n<p>&nbsp;<\/p>\n<p>Melih BELENL\u0130O\u011eLU<\/p>\n<p>DMS<\/p>\n<p>30.03.2020<\/p>\n","protected":false},"excerpt":{"rendered":"<p>DMS OLARAK KORANAV\u0130R\u00dcS ve BENZER\u0130 R\u0130SKLER \u0130LE \u0130LG\u0130L\u0130 M\u00dcCADELEN\u0130N D\u00dcN\u00dc, BUG\u00dcN\u00dc VE YARINI Kurulu\u015fumuzdan bu yana DMS firmas\u0131 olarak Di\u015f Hekimli\u011fi alan\u0131nda hijyen bilincini geli\u015ftirme ba\u015fta olmak \u00fczere nitelikli hijyen teknolojileri ile \u00fcretim ve hizmet uygulamalar\u0131 i\u00e7inde de yer ald\u0131k. Sterilizasyon, Dezenfektasyon, Dental bas\u0131n\u00e7l\u0131 hava, Dental aspirasyon, Toz aspirasyon, Klinik ortam iklimlendirme ve havaland\u0131rma, Hijyen&#8230;<\/p>\n","protected":false},"author":3,"featured_media":0,"parent":0,"menu_order":0,"comment_status":"closed","ping_status":"closed","template":"","meta":{"_kadence_starter_templates_imported_post":false,"_kad_post_transparent":"","_kad_post_title":"","_kad_post_layout":"","_kad_post_sidebar_id":"","_kad_post_content_style":"","_kad_post_vertical_padding":"","_kad_post_feature":"","_kad_post_feature_position":"","_kad_post_header":false,"_kad_post_footer":false,"footnotes":""},"class_list":["post-1748","page","type-page","status-publish","hentry"],"_links":{"self":[{"href":"https:\/\/www.dmsorg.com\/v1\/index.php?rest_route=\/wp\/v2\/pages\/1748","targetHints":{"allow":["GET"]}}],"collection":[{"href":"https:\/\/www.dmsorg.com\/v1\/index.php?rest_route=\/wp\/v2\/pages"}],"about":[{"href":"https:\/\/www.dmsorg.com\/v1\/index.php?rest_route=\/wp\/v2\/types\/page"}],"author":[{"embeddable":true,"href":"https:\/\/www.dmsorg.com\/v1\/index.php?rest_route=\/wp\/v2\/users\/3"}],"replies":[{"embeddable":true,"href":"https:\/\/www.dmsorg.com\/v1\/index.php?rest_route=%2Fwp%2Fv2%2Fcomments&post=1748"}],"version-history":[{"count":6,"href":"https:\/\/www.dmsorg.com\/v1\/index.php?rest_route=\/wp\/v2\/pages\/1748\/revisions"}],"predecessor-version":[{"id":1755,"href":"https:\/\/www.dmsorg.com\/v1\/index.php?rest_route=\/wp\/v2\/pages\/1748\/revisions\/1755"}],"wp:attachment":[{"href":"https:\/\/www.dmsorg.com\/v1\/index.php?rest_route=%2Fwp%2Fv2%2Fmedia&parent=1748"}],"curies":[{"name":"wp","href":"https:\/\/api.w.org\/{rel}","templated":true}]}}