{"id":2691,"date":"2025-04-15T18:32:44","date_gmt":"2025-04-15T15:32:44","guid":{"rendered":"https:\/\/www.dmsorg.com\/v1\/?page_id=2691"},"modified":"2025-04-15T19:24:34","modified_gmt":"2025-04-15T16:24:34","slug":"makaleler","status":"publish","type":"page","link":"https:\/\/www.dmsorg.com\/v1\/?page_id=2691","title":{"rendered":"MAKALELER"},"content":{"rendered":"\t\t<div data-elementor-type=\"wp-page\" data-elementor-id=\"2691\" class=\"elementor elementor-2691\" data-elementor-post-type=\"page\">\n\t\t\t\t<div class=\"elementor-element elementor-element-2a30cb3 e-flex e-con-boxed e-con e-parent\" data-id=\"2a30cb3\" data-element_type=\"container\">\n\t\t\t\t\t<div class=\"e-con-inner\">\n\t\t\t\t<div class=\"elementor-element elementor-element-ba9db96 elementor-grid-3 elementor-grid-tablet-2 elementor-grid-mobile-1 elementor-posts--thumbnail-top elementor-widget elementor-widget-posts\" data-id=\"ba9db96\" data-element_type=\"widget\" data-settings=\"{&quot;classic_columns&quot;:&quot;3&quot;,&quot;classic_columns_tablet&quot;:&quot;2&quot;,&quot;classic_columns_mobile&quot;:&quot;1&quot;,&quot;classic_row_gap&quot;:{&quot;unit&quot;:&quot;px&quot;,&quot;size&quot;:35,&quot;sizes&quot;:[]},&quot;classic_row_gap_tablet&quot;:{&quot;unit&quot;:&quot;px&quot;,&quot;size&quot;:&quot;&quot;,&quot;sizes&quot;:[]},&quot;classic_row_gap_mobile&quot;:{&quot;unit&quot;:&quot;px&quot;,&quot;size&quot;:&quot;&quot;,&quot;sizes&quot;:[]}}\" data-widget_type=\"posts.classic\">\n\t\t\t\t<div class=\"elementor-widget-container\">\n\t\t\t\t\t\t\t<div class=\"elementor-posts-container elementor-posts elementor-posts--skin-classic elementor-grid\" role=\"list\">\n\t\t\t\t<article class=\"elementor-post elementor-grid-item post-1790 post type-post status-publish format-standard has-post-thumbnail hentry category-makaleler\" role=\"listitem\">\n\t\t\t\t<a class=\"elementor-post__thumbnail__link\" href=\"https:\/\/www.dmsorg.com\/v1\/?p=1790\" tabindex=\"-1\" >\n\t\t\t<div class=\"elementor-post__thumbnail\"><img fetchpriority=\"high\" decoding=\"async\" width=\"300\" height=\"200\" src=\"https:\/\/www.dmsorg.com\/v1\/wp-content\/uploads\/2020\/05\/dis-300x200.jpg\" class=\"attachment-medium size-medium wp-image-2408\" alt=\"\" srcset=\"https:\/\/www.dmsorg.com\/v1\/wp-content\/uploads\/2020\/05\/dis-300x200.jpg 300w, https:\/\/www.dmsorg.com\/v1\/wp-content\/uploads\/2020\/05\/dis-1024x683.jpg 1024w, https:\/\/www.dmsorg.com\/v1\/wp-content\/uploads\/2020\/05\/dis-768x512.jpg 768w, https:\/\/www.dmsorg.com\/v1\/wp-content\/uploads\/2020\/05\/dis.jpg 1536w\" sizes=\"(max-width: 300px) 100vw, 300px\" \/><\/div>\n\t\t<\/a>\n\t\t\t\t<div class=\"elementor-post__text\">\n\t\t\t\t<h3 class=\"elementor-post__title\">\n\t\t\t<a href=\"https:\/\/www.dmsorg.com\/v1\/?p=1790\" >\n\t\t\t\tTDBD Aral\u0131k 1997 &#8211; Hekim Sa\u011fl\u0131\u011f\u0131 A\u00e7\u0131s\u0131ndan A\u011f\u0131z \u0130\u00e7i Vakum Sisteminin \u00d6nemi\t\t\t<\/a>\n\t\t<\/h3>\n\t\t\t\t<div class=\"elementor-post__excerpt\">\n\t\t\t<p>PDF DOSYASINI \u0130ND\u0130RMEK \u0130\u00c7\u0130N TIKLAYIN &nbsp;<\/p>\n\t\t<\/div>\n\t\t\n\t\t<a class=\"elementor-post__read-more\" href=\"https:\/\/www.dmsorg.com\/v1\/?p=1790\" aria-label=\"Read more about TDBD Aral\u0131k 1997 &#8211; Hekim Sa\u011fl\u0131\u011f\u0131 A\u00e7\u0131s\u0131ndan A\u011f\u0131z \u0130\u00e7i Vakum Sisteminin \u00d6nemi\" tabindex=\"-1\" >\n\t\t\tDevam\u0131 \u00bb\t\t<\/a>\n\n\t\t\t\t<\/div>\n\t\t\t\t<\/article>\n\t\t\t\t<article class=\"elementor-post elementor-grid-item post-1787 post type-post status-publish format-standard has-post-thumbnail hentry category-makaleler\" role=\"listitem\">\n\t\t\t\t<a class=\"elementor-post__thumbnail__link\" href=\"https:\/\/www.dmsorg.com\/v1\/?p=1787\" tabindex=\"-1\" >\n\t\t\t<div class=\"elementor-post__thumbnail\"><img fetchpriority=\"high\" decoding=\"async\" width=\"300\" height=\"200\" src=\"https:\/\/www.dmsorg.com\/v1\/wp-content\/uploads\/2020\/05\/dis-300x200.jpg\" class=\"attachment-medium size-medium wp-image-2408\" alt=\"\" srcset=\"https:\/\/www.dmsorg.com\/v1\/wp-content\/uploads\/2020\/05\/dis-300x200.jpg 300w, https:\/\/www.dmsorg.com\/v1\/wp-content\/uploads\/2020\/05\/dis-1024x683.jpg 1024w, https:\/\/www.dmsorg.com\/v1\/wp-content\/uploads\/2020\/05\/dis-768x512.jpg 768w, https:\/\/www.dmsorg.com\/v1\/wp-content\/uploads\/2020\/05\/dis.jpg 1536w\" sizes=\"(max-width: 300px) 100vw, 300px\" \/><\/div>\n\t\t<\/a>\n\t\t\t\t<div class=\"elementor-post__text\">\n\t\t\t\t<h3 class=\"elementor-post__title\">\n\t\t\t<a href=\"https:\/\/www.dmsorg.com\/v1\/?p=1787\" >\n\t\t\t\tTDB Temmuz 2016 &#8211; Klinikte Toz Aspirasyon Sistemi\t\t\t<\/a>\n\t\t<\/h3>\n\t\t\t\t<div class=\"elementor-post__excerpt\">\n\t\t\t<p>PDF DOSYASINI \u0130ND\u0130RMEK \u0130\u00c7\u0130N TIKLAYIN &nbsp;<\/p>\n\t\t<\/div>\n\t\t\n\t\t<a class=\"elementor-post__read-more\" href=\"https:\/\/www.dmsorg.com\/v1\/?p=1787\" aria-label=\"Read more about TDB Temmuz 2016 &#8211; Klinikte Toz Aspirasyon Sistemi\" tabindex=\"-1\" >\n\t\t\tDevam\u0131 \u00bb\t\t<\/a>\n\n\t\t\t\t<\/div>\n\t\t\t\t<\/article>\n\t\t\t\t<article class=\"elementor-post elementor-grid-item post-1784 post type-post status-publish format-standard has-post-thumbnail hentry category-makaleler\" role=\"listitem\">\n\t\t\t\t<a class=\"elementor-post__thumbnail__link\" href=\"https:\/\/www.dmsorg.com\/v1\/?p=1784\" tabindex=\"-1\" >\n\t\t\t<div class=\"elementor-post__thumbnail\"><img fetchpriority=\"high\" decoding=\"async\" width=\"300\" height=\"200\" src=\"https:\/\/www.dmsorg.com\/v1\/wp-content\/uploads\/2020\/05\/dis-300x200.jpg\" class=\"attachment-medium size-medium wp-image-2408\" alt=\"\" srcset=\"https:\/\/www.dmsorg.com\/v1\/wp-content\/uploads\/2020\/05\/dis-300x200.jpg 300w, https:\/\/www.dmsorg.com\/v1\/wp-content\/uploads\/2020\/05\/dis-1024x683.jpg 1024w, https:\/\/www.dmsorg.com\/v1\/wp-content\/uploads\/2020\/05\/dis-768x512.jpg 768w, https:\/\/www.dmsorg.com\/v1\/wp-content\/uploads\/2020\/05\/dis.jpg 1536w\" sizes=\"(max-width: 300px) 100vw, 300px\" \/><\/div>\n\t\t<\/a>\n\t\t\t\t<div class=\"elementor-post__text\">\n\t\t\t\t<h3 class=\"elementor-post__title\">\n\t\t\t<a href=\"https:\/\/www.dmsorg.com\/v1\/?p=1784\" >\n\t\t\t\tTDB May\u0131s 2003 &#8211; Muayenehanelerin Altyap\u0131lar\u0131nda Dikkat Edilecek Temel Noktalar\t\t\t<\/a>\n\t\t<\/h3>\n\t\t\t\t<div class=\"elementor-post__excerpt\">\n\t\t\t<p>PDF DOSYASINI \u0130ND\u0130RMEK \u0130\u00c7\u0130N TIKLAYIN &nbsp;<\/p>\n\t\t<\/div>\n\t\t\n\t\t<a class=\"elementor-post__read-more\" href=\"https:\/\/www.dmsorg.com\/v1\/?p=1784\" aria-label=\"Read more about TDB May\u0131s 2003 &#8211; Muayenehanelerin Altyap\u0131lar\u0131nda Dikkat Edilecek Temel Noktalar\" tabindex=\"-1\" >\n\t\t\tDevam\u0131 \u00bb\t\t<\/a>\n\n\t\t\t\t<\/div>\n\t\t\t\t<\/article>\n\t\t\t\t<article class=\"elementor-post elementor-grid-item post-1781 post type-post status-publish format-standard has-post-thumbnail hentry category-makaleler\" role=\"listitem\">\n\t\t\t\t<a class=\"elementor-post__thumbnail__link\" href=\"https:\/\/www.dmsorg.com\/v1\/?p=1781\" tabindex=\"-1\" >\n\t\t\t<div class=\"elementor-post__thumbnail\"><img fetchpriority=\"high\" decoding=\"async\" width=\"300\" height=\"200\" src=\"https:\/\/www.dmsorg.com\/v1\/wp-content\/uploads\/2020\/05\/dis-300x200.jpg\" class=\"attachment-medium size-medium wp-image-2408\" alt=\"\" srcset=\"https:\/\/www.dmsorg.com\/v1\/wp-content\/uploads\/2020\/05\/dis-300x200.jpg 300w, https:\/\/www.dmsorg.com\/v1\/wp-content\/uploads\/2020\/05\/dis-1024x683.jpg 1024w, https:\/\/www.dmsorg.com\/v1\/wp-content\/uploads\/2020\/05\/dis-768x512.jpg 768w, https:\/\/www.dmsorg.com\/v1\/wp-content\/uploads\/2020\/05\/dis.jpg 1536w\" sizes=\"(max-width: 300px) 100vw, 300px\" \/><\/div>\n\t\t<\/a>\n\t\t\t\t<div class=\"elementor-post__text\">\n\t\t\t\t<h3 class=\"elementor-post__title\">\n\t\t\t<a href=\"https:\/\/www.dmsorg.com\/v1\/?p=1781\" >\n\t\t\t\tTDB mart 2003 &#8211; Muayenehanelerde Altyap\u0131n\u0131n \u00d6nemi &#8211; Altyap\u0131da dikkat edilecek temel noktalar\t\t\t<\/a>\n\t\t<\/h3>\n\t\t\t\t<div class=\"elementor-post__excerpt\">\n\t\t\t<p>PDF DOSYASINI \u0130ND\u0130RMEK \u0130\u00c7\u0130N TIKLAYIN &nbsp;<\/p>\n\t\t<\/div>\n\t\t\n\t\t<a class=\"elementor-post__read-more\" href=\"https:\/\/www.dmsorg.com\/v1\/?p=1781\" aria-label=\"Read more about TDB mart 2003 &#8211; Muayenehanelerde Altyap\u0131n\u0131n \u00d6nemi &#8211; Altyap\u0131da dikkat edilecek temel noktalar\" tabindex=\"-1\" >\n\t\t\tDevam\u0131 \u00bb\t\t<\/a>\n\n\t\t\t\t<\/div>\n\t\t\t\t<\/article>\n\t\t\t\t<article class=\"elementor-post elementor-grid-item post-1778 post type-post status-publish format-standard has-post-thumbnail hentry category-makaleler\" role=\"listitem\">\n\t\t\t\t<a class=\"elementor-post__thumbnail__link\" href=\"https:\/\/www.dmsorg.com\/v1\/?p=1778\" tabindex=\"-1\" >\n\t\t\t<div class=\"elementor-post__thumbnail\"><img decoding=\"async\" width=\"224\" height=\"300\" src=\"https:\/\/www.dmsorg.com\/v1\/wp-content\/uploads\/2020\/05\/sterilizasyon-1-224x300.jpg\" class=\"attachment-medium size-medium wp-image-2883\" alt=\"\" srcset=\"https:\/\/www.dmsorg.com\/v1\/wp-content\/uploads\/2020\/05\/sterilizasyon-1-224x300.jpg 224w, https:\/\/www.dmsorg.com\/v1\/wp-content\/uploads\/2020\/05\/sterilizasyon-1.jpg 627w\" sizes=\"(max-width: 224px) 100vw, 224px\" \/><\/div>\n\t\t<\/a>\n\t\t\t\t<div class=\"elementor-post__text\">\n\t\t\t\t<h3 class=\"elementor-post__title\">\n\t\t\t<a href=\"https:\/\/www.dmsorg.com\/v1\/?p=1778\" >\n\t\t\t\tTDB haziran 2003 &#8211; Muayenehanelerin temel sorunu: Sterilizasyon\t\t\t<\/a>\n\t\t<\/h3>\n\t\t\t\t<div class=\"elementor-post__excerpt\">\n\t\t\t<p>PDF DOSYASINI \u0130ND\u0130RMEK \u0130\u00c7\u0130N TIKLAYIN &nbsp;<\/p>\n\t\t<\/div>\n\t\t\n\t\t<a class=\"elementor-post__read-more\" href=\"https:\/\/www.dmsorg.com\/v1\/?p=1778\" aria-label=\"Read more about TDB haziran 2003 &#8211; Muayenehanelerin temel sorunu: Sterilizasyon\" tabindex=\"-1\" >\n\t\t\tDevam\u0131 \u00bb\t\t<\/a>\n\n\t\t\t\t<\/div>\n\t\t\t\t<\/article>\n\t\t\t\t<article class=\"elementor-post elementor-grid-item post-1775 post type-post status-publish format-standard has-post-thumbnail hentry category-makaleler\" role=\"listitem\">\n\t\t\t\t<a class=\"elementor-post__thumbnail__link\" href=\"https:\/\/www.dmsorg.com\/v1\/?p=1775\" tabindex=\"-1\" >\n\t\t\t<div class=\"elementor-post__thumbnail\"><img decoding=\"async\" width=\"224\" height=\"300\" src=\"https:\/\/www.dmsorg.com\/v1\/wp-content\/uploads\/2020\/05\/faltyapi-1-224x300.jpg\" class=\"attachment-medium size-medium wp-image-2882\" alt=\"\" srcset=\"https:\/\/www.dmsorg.com\/v1\/wp-content\/uploads\/2020\/05\/faltyapi-1-224x300.jpg 224w, https:\/\/www.dmsorg.com\/v1\/wp-content\/uploads\/2020\/05\/faltyapi-1.jpg 632w\" sizes=\"(max-width: 224px) 100vw, 224px\" \/><\/div>\n\t\t<\/a>\n\t\t\t\t<div class=\"elementor-post__text\">\n\t\t\t\t<h3 class=\"elementor-post__title\">\n\t\t\t<a href=\"https:\/\/www.dmsorg.com\/v1\/?p=1775\" >\n\t\t\t\tTDB Eyl\u00fcl 2015 &#8211; Fiziki Altyap\u0131\t\t\t<\/a>\n\t\t<\/h3>\n\t\t\t\t<div class=\"elementor-post__excerpt\">\n\t\t\t<p>PDF DOSYASINI \u0130ND\u0130RMEK \u0130\u00c7\u0130N TIKLAYIN &nbsp;<\/p>\n\t\t<\/div>\n\t\t\n\t\t<a class=\"elementor-post__read-more\" href=\"https:\/\/www.dmsorg.com\/v1\/?p=1775\" aria-label=\"Read more about TDB Eyl\u00fcl 2015 &#8211; Fiziki Altyap\u0131\" tabindex=\"-1\" >\n\t\t\tDevam\u0131 \u00bb\t\t<\/a>\n\n\t\t\t\t<\/div>\n\t\t\t\t<\/article>\n\t\t\t\t<\/div>\n\t\t\n\t\t\t\t\t\t<\/div>\n\t\t\t\t<\/div>\n\t\t\t\t\t<\/div>\n\t\t\t\t<\/div>\n\t\t\t\t<\/div>\n\t\t","protected":false},"excerpt":{"rendered":"","protected":false},"author":1,"featured_media":0,"parent":0,"menu_order":0,"comment_status":"closed","ping_status":"closed","template":"","meta":{"_kadence_starter_templates_imported_post":false,"_kad_post_transparent":"","_kad_post_title":"hide","_kad_post_layout":"fullwidth","_kad_post_sidebar_id":"","_kad_post_content_style":"unboxed","_kad_post_vertical_padding":"hide","_kad_post_feature":"hide","_kad_post_feature_position":"","_kad_post_header":false,"_kad_post_footer":false,"footnotes":""},"class_list":["post-2691","page","type-page","status-publish","hentry"],"_links":{"self":[{"href":"https:\/\/www.dmsorg.com\/v1\/index.php?rest_route=\/wp\/v2\/pages\/2691","targetHints":{"allow":["GET"]}}],"collection":[{"href":"https:\/\/www.dmsorg.com\/v1\/index.php?rest_route=\/wp\/v2\/pages"}],"about":[{"href":"https:\/\/www.dmsorg.com\/v1\/index.php?rest_route=\/wp\/v2\/types\/page"}],"author":[{"embeddable":true,"href":"https:\/\/www.dmsorg.com\/v1\/index.php?rest_route=\/wp\/v2\/users\/1"}],"replies":[{"embeddable":true,"href":"https:\/\/www.dmsorg.com\/v1\/index.php?rest_route=%2Fwp%2Fv2%2Fcomments&post=2691"}],"version-history":[{"count":16,"href":"https:\/\/www.dmsorg.com\/v1\/index.php?rest_route=\/wp\/v2\/pages\/2691\/revisions"}],"predecessor-version":[{"id":2712,"href":"https:\/\/www.dmsorg.com\/v1\/index.php?rest_route=\/wp\/v2\/pages\/2691\/revisions\/2712"}],"wp:attachment":[{"href":"https:\/\/www.dmsorg.com\/v1\/index.php?rest_route=%2Fwp%2Fv2%2Fmedia&parent=2691"}],"curies":[{"name":"wp","href":"https:\/\/api.w.org\/{rel}","templated":true}]}}